{"id":18558,"date":"2025-11-23T13:43:06","date_gmt":"2025-11-23T13:43:06","guid":{"rendered":"https:\/\/museum90.com\/event\/presentation-of-the-regional-poetry-panorama-in-the-palms-of-the-earth\/"},"modified":"2025-11-23T13:43:06","modified_gmt":"2025-11-23T13:43:06","slug":"presentation-of-the-regional-poetry-panorama-in-the-palms-of-the-earth","status":"publish","type":"tribe_events","link":"https:\/\/museum90.com\/en\/event\/presentation-of-the-regional-poetry-panorama-in-the-palms-of-the-earth\/","title":{"rendered":"Presentation of the regional poetry panorama \u201cIn the Palms of the Earth\u201d"},"content":{"rendered":"<p>On Wednesday, November 26 at 7 pm, we will present the regional poetry panorama \u201cIn the Palms of the Earth\u201d and a screening of the video-poetry work \u201cA Land for All\u201d, created within the collective All of Us (Svi Mi). These two interconnected artistic media form a diptych about shared land \u2014 a space that transcends borders, languages, and personal geographies.  <\/p>\n<p>The panorama brings together 16 young poets from across the region, including authors from Zagreb, Karlovac, Podgorica, Ljubljana, Banja Luka, U\u017eice, Kor\u00e7a, Jablanica, Gra\u010danica, Po\u017earevac, Nik\u0161i\u0107, Bajram Curri, and Ferizaj.<\/p>\n<p>The program is realized with the support of the \u201cCulture for Democracy\u201d project (Hartefakt Fund, Government of Switzerland) and the Western Balkans Youth Cultural Fund (RYCO, German Federal Foreign Office).<\/p>\n","protected":false},"excerpt":{"rendered":"<p>On Wednesday, November 26 at 7 pm, we will present the regional poetry panorama \u201cIn the Palms of the Earth\u201d and a screening of the video-poetry work \u201cA Land for All\u201d, created within the collective All of Us (Svi Mi). These two interconnected artistic media form a diptych about shared land \u2014 a space that transcends borders, languages, and personal&#8230;<\/p>\n","protected":false},"author":3,"featured_media":18555,"template":"","meta":{"_tribe_events_status":"","_tribe_events_status_reason":"","footnotes":"","_links_to":"","_links_to_target":""},"tags":[],"tribe_events_cat":[180],"class_list":["post-18558","tribe_events","type-tribe_events","status-publish","has-post-thumbnail","hentry","tribe_events_cat-events","cat_events"],"_links":{"self":[{"href":"https:\/\/museum90.com\/en\/wp-json\/wp\/v2\/tribe_events\/18558","targetHints":{"allow":["GET"]}}],"collection":[{"href":"https:\/\/museum90.com\/en\/wp-json\/wp\/v2\/tribe_events"}],"about":[{"href":"https:\/\/museum90.com\/en\/wp-json\/wp\/v2\/types\/tribe_events"}],"author":[{"embeddable":true,"href":"https:\/\/museum90.com\/en\/wp-json\/wp\/v2\/users\/3"}],"version-history":[{"count":0,"href":"https:\/\/museum90.com\/en\/wp-json\/wp\/v2\/tribe_events\/18558\/revisions"}],"wp:featuredmedia":[{"embeddable":true,"href":"https:\/\/museum90.com\/en\/wp-json\/wp\/v2\/media\/18555"}],"wp:attachment":[{"href":"https:\/\/museum90.com\/en\/wp-json\/wp\/v2\/media?parent=18558"}],"wp:term":[{"taxonomy":"post_tag","embeddable":true,"href":"https:\/\/museum90.com\/en\/wp-json\/wp\/v2\/tags?post=18558"},{"taxonomy":"tribe_events_cat","embeddable":true,"href":"https:\/\/museum90.com\/en\/wp-json\/wp\/v2\/tribe_events_cat?post=18558"}],"curies":[{"name":"wp","href":"https:\/\/api.w.org\/{rel}","templated":true}]}}

<p>On Wednesday, November 26 at 7 pm, we will present the regional poetry panorama “In the Palms of the Earth” and a screening of the video-poetry work “A Land for All”, created within the collective All of Us (Svi Mi). These two interconnected artistic media form a diptych about shared land — a space that transcends borders, languages, and personal geographies.  </p>
<p>The panorama brings together 16 young poets from across the region, including authors from Zagreb, Karlovac, Podgorica, Ljubljana, Banja Luka, Užice, Korça, Jablanica, Gračanica, Požarevac, Nikšić, Bajram Curri, and Ferizaj.</p>
<p>The program is realized with the support of the “Culture for Democracy” project (Hartefakt Fund, Government of Switzerland) and the Western Balkans Youth Cultural Fund (RYCO, German Federal Foreign Office).</p>
